-5*f - 21. Let g(s) = -i(s) - 6*k(s). Let h be g(18). What are the prime factors of -393*((-50)/15 - h)?
131
Let c(g) = g**3 - 91*g**2 + 66*g + 1358. What are the prime factors of c(92)?
2, 3, 883
Let u be (6/(-5))/((-11)/(-220)*-6). Suppose -b - u*b - 551 = -y, 3*y = -2*b + 1704. What are the prime factors of y?
2, 283
Suppose -5*i + 14*i = 540. Let q = i + -44. Let k = 19 - q. List the prime factors of k.
3
Let t = 7 + -5. Suppose -51 = -t*k + 123. Suppose k = q + 19. List the prime factors of q.
2, 17
Let f = -23836 - -44043. What are the prime factors of f?
11, 167
Let m(z) = 2400*z - 2655. What are the prime factors of m(16)?
3, 5, 2383
Let k(h) = 2*h**2 - 27*h - 12. Let r be k(14). Suppose 2*v + 1315 = r*q + 3*q, -v - 1315 = -5*q. List the prime factors of q.
263
Suppose -2*v - 508620 = v - 33*v. What are the prime factors of v?
2, 7, 173
Let o = -73 + 89. Let x(n) = -n**3 + 18*n**2 + 43*n - 52. List the prime factors of x(o).
2, 7, 41
Let t = 181 + -173. Suppose -3420 = -t*l + 2*l. What are the prime factors of l?
2, 3, 5, 19
Let a(g) = 3*g + 11. Let y be 2/(6/9) - -37. Let d be (3/(-6))/((-1)/y). What are the prime factors of a(d)?
71
Let q = 1647 - 812. What are the prime factors of q?
5, 167
Suppose 12*a + 144365 = 15*a - 4*d, 0 = -4*a - d + 192531. What are the prime factors of a?
48131
Suppose w = 2*h + 5094, 0 = 33*w - 29*w - 3*h - 20341. What are the prime factors of w?
2, 5, 127
Suppose -262552 - 289890 = -22*q. List the prime factors of q.
25111
Suppose 1468743 = -182*o + 3111980 + 2973739. What are the prime factors of o?
2, 3, 7, 151
Suppose -2*a + 7*g = 6*g - 88, -a + 50 = g. Let w = 125 - 48. Let z = a + w. List the prime factors of z.
3, 41
Let r = -101 + 316. List the prime factors of r.
5, 43
Suppose 2*h + 4*y = 26, -5*h + 4*h - 4*y + 19 = 0. Let g be 0*(21/6)/h. Suppose 5*j = g, -5*k + 0*j - 5*j = -320. List the prime factors of k.
2
Let n(p) = -491*p + 996. List the prime factors of n(-31).
16217
Let w(r) = -r**3 + 17*r**2 + r - 6. Let g be (67 - 65)*(-2)/(4/(-17)). What are the prime factors of w(g)?
11
Let v = -63178 + 142419. List the prime factors of v.
79241
Let a(f) = -16*f**2 + 2*f - 1. Let c(z) = -z**2 - 12*z - 32. Let m be c(-6). Let l be a(m). What are the prime factors of l/(-2) + (-7)/(-14)?
5
Suppose -20*a + 892 + 6888 = 0. Suppose -a - 109 = -l. List the prime factors of l.
2, 3, 83
Let f = 24 + -57. Let l be 225/f - (-2 + (-48)/(-22)). List the prime factors of l/((-14)/360) + 4/2.
2, 7, 13
List the prime factors of ((-172)/16)/((-2)/392).
7, 43
Suppose 0 = 6*z - 35 + 29. Let s be (-2780)/(-4)*(0 - z). What are the prime factors of (5 - (-78)/(-15))*s?
139
Let r(c) = -5*c**2 - 5*c. Let f be r(-2). Let z(x) = 4*x**2 + 24*x + 24. Let t be z(f). Let h = t + -97. List the prime factors of h.
3, 29
Let v(n) = 1207*n**2 + 6*n + 19. What are the prime factors of v(-3)?
2, 7, 97
Let f(k) = 175*k + 5. Let p = 25 - 18. Let j(n) = -87*n - 3. Let u(h) = p*j(h) + 4*f(h). List the prime factors of u(1).
2, 3, 5
Let b be -2 + 3 + 105/3. Suppose -2*z + b = 2*s - 0, -120 = -5*s + z. Suppose 0 = 4*v - s - 121. List the prime factors of v.
2, 3
Let d(g) be the second derivative of -2*g**4/3 - 2*g**3/3 + 5*g**2/2 - 9*g. Let u be d(2). Let j = u + 68. What are the prime factors of j?
3, 11
Let d(j) = -j**3 + 2*j**2 - 3*j - 1. Let g be d(2). Let v(u) = u + 7. Let l be v(g). Suppose l = -r - 4*r + 535. List the prime factors of r.
107
Let k(f) = -126*f + 4. Let o be k(-4). Suppose -3*h - 97 + o = 0. Suppose -4*i + h = -103. What are the prime factors of i?
2, 3, 5
Suppose -22*b = -26 + 400. Let g(i) = -2*i**3 - 1 - 7*i + 20 - 10*i + 16*i**2 + 3*i**3. List the prime factors of g(b).
19
Suppose -26522 = 16*c - 141120 - 28890. What are the prime factors of c?
2, 19, 59
Let j(s) = 74*s**2 - s + 1. Let c(b) = -b**3 + 7*b**2 - 6*b + 2. Let r be c(6). Let y be 5/(5/r) + 0 + -3. What are the prime factors of j(y)?
2, 19
Let z be 1/((-36)/12*2/(-150)). Suppose -28*g + 3717 = -z*g. What are the prime factors of g?
3, 7, 59
Suppose 0 = -5*a - 254 - 1266. Let w = a - -480. List the prime factors of w.
2, 11
Suppose -45 = -7*h - 2*h. Suppose -h*c + 4*n = -1696, -4*n + 5*n = 4*c - 1359. Suppose 2*m - m = 3*a + 62, 5*m = 5*a + c. What are the prime factors of m?
71
Suppose -84 = 12*v - 40*v. Suppose 5*o + 2670 = 8*o - 3*k, 4*o - v*k = 3562. What are the prime factors of o?
2, 223
What are the prime factors of ((-172)/6)/(102/(-106947))?
3, 43, 233
Suppose -3*p + 256 = 226. What are the prime factors of 237/(2/p*3/1)?
5, 79
Let y = 379 - 258. Let g be 72699/y - (-4)/22. Suppose -4*w + 5*q + g + 56 = 0, 0 = 2*w + 2*q - 342. What are the prime factors of w?
2, 3, 7
Let m be 0/((-2 - -3)/(-1)). Let i = 360 + -360. Suppose m = -6*k - i*k + 102. List the prime factors of k.
17
Suppose 44 = 5*a + 3*w, -3*a = -4*a - w + 8. Suppose a*m + 3*m - 10660 = 0. What are the prime factors of m?
2, 5, 41
Suppose 50*v - 1116 = -9616. Let j = v - -196. List the prime factors of j.
2, 13
List the prime factors of 186/(-124)*14834/(-3).
7417
Suppose -33 = 53*d - 55*d - 5*o, -2*d + 3*o + 9 = 0. Suppose u - d*g = -7*g + 587, -2 = 2*g. List the prime factors of u.
3, 5, 13
Let m be (-9)/(-18)*2/1 - -3. Let n(r) = 19 + 5*r - 17 + m*r. List the prime factors of n(7).
5, 13
Let n(g) = 429*g**3 + 21*g**2 + 9*g - 28. List the prime factors of n(3).
79, 149
Let b(n) be the first derivative of -2*n**3 + 3*n**2 - 13*n + 5. Let l be b(5). Let t = 204 + l. What are the prime factors of t?
71
Let y(a) = -1053*a - 6025. What are the prime factors of y(-59)?
2, 28051
Suppose -544643 + 141983 = -20*m. What are the prime factors of m?
3, 2237
Suppose -65*q - 4563174 = -281*q - 22*q. List the prime factors of q.
3, 7, 11, 83
Let v(m) = -m**3 + 14*m**2 - 8*m - 28. Let u be v(6). Let j = 520 - u. List the prime factors of j.
2, 7, 11
Suppose -c - 7 + 1 = 0, -m - 4*c = -2470. What are the prime factors of m?
2, 29, 43
Let a be (-272)/(-32)*-18*2. Let x(f) = f**3 - 3*f**2 - 3*f + 504. Let k be x(0). Let w = k + a. List the prime factors of w.
2, 3, 11
Suppose -5291 = -u + 5*w, 0 = u - 19*w + 23*w - 5282. What are the prime factors of u?
2, 3, 881
Let f = 30 - 28. Suppose f*b + 10 = 5*x, -2 = -5*x + 4*x + 3*b. Suppose 2*t = x, 0*o - o = 3*t - 66. List the prime factors of o.
3, 7
Let n(j) = -j**2 - 60*j - 231. Let s(m) = 5*m - 31. Let f be s(-4). List the prime factors of n(f).
2, 3, 19
Suppose 0 = 3*b - 2*h - 9537, -63*b + 4*h = -68*b + 15895. List the prime factors of b.
11, 17
Suppose -3*j + 2*q = -7701, 5*j - 5*q - 15974 = -3144. What are the prime factors of j?
7, 367
Let v(k) = -735*k - 131. Let x be v(-7). Suppose 3*l + 2*l + 5010 = 5*y, -5*y + x = -3*l. What are the prime factors of y?
2, 251
Let z be 4*1/(-5)*40/(-8). Suppose -8 + 4 = -z*q, 3*c = 4*q + 8. Suppose -2 = 2*u - c*u, -2*o + u + 139 = 0. List the prime factors of o.
2, 5, 7
Suppose 3*f - 62 = 5*z, -36 = -3*f + f - 2*z. Let m = -46 + f. Let a = m + 40. What are the prime factors of a?
13
Let k be (3/(-18)*-9)/((-6)/8). Let p be k*(2 - 3)*305/(-2). Let y = 465 + p. List the prime factors of y.
2, 5
Suppose -3*z = 9 - 3, -3581 = -u + 2*z. What are the prime factors of u?
7, 73
Suppose -867155 = -2*i - 14*i + 521821. What are the prime factors of i?
3, 19, 1523
Let z(a) = -2*a**3 - 2. Let u be z(2). Let n be ((-16)/(-6))/((-12)/u). Suppose -n*l - 5*d + 107 = -2*l, l - d = 71. What are the prime factors of l?
2, 3, 11
Let p = -5928 - -17438. Suppose p = 29*y - 19*y. List the prime factors of y.
1151
Let p(o) = -3*o**2 + 4*o**2 - 6*o - 40 + 23*o. List the prime factors of p(-22).
2, 5, 7
Suppose 3*l - 52 - 5 = 0. Suppose -4 = -l*j + 17*j. List the prime factors of (0 - 2) + (j*-425)/(-5).
2, 3, 7
Let h = 42 - 35. Suppose -f = -h*f + 24. Suppose -14 = -o - k + 86, 0 = -4*o + f*k + 360. List the prime factors of o.
5, 19
Let q(w) = w**3 + w**2 - 26*w - 10. Let x(u) = 9*u**2 + u. Let j be x(-1). What are the prime factors of q(j)?
2, 179
Suppose -4*h = -20, i + 7642 = 2*i - 3*h. List the prime factors of i.
13, 19, 31
Suppose -26 = -7*v - 5. Suppose v*w + 5*z - 627 = 0, 836 = w + 3*w + 2*z. Let b = w + -75. List the prime factors of b.
2, 67
Let s = 2024 + -1446. What are the prime factors of s*4/((-40)/(-5))?
17
Let x(n